se 2*r - 78 = -4*s, 0 = -r - x*r + 2*s + 77. What are the prime factors of r?
29
Let w(x) = -x**3 + 4*x**2 + 6*x + 5. Let j be w(5). Let o = j + -7. What are the prime factors of o?
3
Suppose -4*d = -m + 51, 5*d + 129 = 2*m + 6*d. What are the prime factors of m?
3, 7
Let i = 305 - 165. List the prime factors of i.
2, 5, 7
Let p = -54 + 79. List the prime factors of p.
5
Let x(g) = 2*g**2 + 7*g - 5. What are the prime factors of x(8)?
179
Let s be 15/25 - (-14)/10. Let v(k) = 2*k**2 + k + 2. What are the prime factors of v(s)?
2, 3
Let m be 3/12 - (-74)/(-8). Let o be (-81)/(-4) + 12/(-48). What are the prime factors of (m/6)/((-2)/o)?
3, 5
Suppose -3*q = 5*p + 2*q - 255, -4*q = -16. What are the prime factors of p?
47
Let v = 4 + -2. Suppose -2*p - 4*x = -24, v*p + 0*x + 3*x = 19. What are the prime factors of p?
2
Suppose -4 = f - 3*f. Suppose 3*r + 8 = 32. Let z = r - f. List the prime factors of z.
2, 3
Let b = 68 + -43. Suppose -m + 17 = -b. Let j = m - 26. List the prime factors of j.
2
Suppose 24 + 18 = 4*k - p, -k + p = -12. List the prime factors of k.
2, 5
Let z = -125 + 368. What are the prime factors of z?
3
Let t(g) = g**3 - 5*g**2 - g + 5. What are the prime factors of t(6)?
5, 7
Suppose 5*k - 18 = 2. Let h = 19 + -9. Suppose 2*y - k*y = -h. What are the prime factors of y?
5
Suppose -4 = z - 0*v - v, 2*v = -3*z + 8. Suppose 5*h - 205 = -z*h. What are the prime factors of h?
41
Suppose 0 = -4*k - 3*l + 2934, -k - 2*l = -3*l - 730. What are the prime factors of k/(-30)*(-5)/2?
61
Let w(x) = -3*x - 7. List the prime factors of w(-10).
23
Suppose y - 2*y = 0, -2*i + y = -16. Suppose -5*p = 5*d - 55, i*d - 2*p = 3*d + 20. What are the prime factors of d?
2, 3
Suppose 2*a = -3*a - 155. Let j = -2 - a. Let f = j + -17. List the prime factors of f.
2, 3
Let y be (-1 - 0) + (-8)/(-2). Suppose 2*k + y*k - 150 = 0. List the prime factors of k.
2, 3, 5
Let y = 189 - 106. List the prime factors of y.
83
Let u be 0 - 1 - 1 - 0. Let s be 32/u - 1/(-1). What are the prime factors of 12/(s/(-6) - 1)?
2
Suppose -3*q + 8 = q. Let m = q + 2. Suppose 6 + m = 5*t. What are the prime factors of t?
2
List the prime factors of (-5)/(-10) + 202/4.
3, 17
Let f = -182 - -298. Suppose -138 = -6*x + x - 2*q, -4*x = -4*q - f. List the prime factors of x.
2, 7
Let o be (-2)/6 - (-110)/15. Let c be (-6)/14 - (-31)/o. Suppose -a + c = 1. List the prime factors of a.
3
List the prime factors of (58/4)/(4/8).
29
Let c = 5 - 5. Suppose -2*s = -6*d + d - 72, c = -4*d. Suppose 0 = 2*z - 4*z + s. List the prime factors of z.
2, 3
Let s(k) = k. Suppose -4*w + 6 = -2. Suppose 2*b - 12 = -w*b. What are the prime factors of s(b)?
3
Let h = -4 - -7. Suppose -2*u + 3*x = -26, 5*u - 5*x - 30 = h*u. What are the prime factors of u?
2, 5
Let v(q) = q**2 - 7*q + 5. Let j be v(7). Suppose 0*w - w - 43 = -2*p, j*p - 2*w - 106 = 0. What are the prime factors of p?
2, 5
Suppose 2*x = 9*x - 581. What are the prime factors of x?
83
Let a(l) = -l**3 + 3*l**2 + 5*l. Let t be a(4). Suppose 3*n - 2*d = 1, -2*d = 3*n - 6*d - 5. Let b = t + n. List the prime factors of b.
3
Suppose c - 117 - 44 = 0. What are the prime factors of c?
7, 23
Let p = -77 + 42. Let z = p - -89. What are the prime factors of z?
2, 3
Suppose 2*x = -2*q + 10 + 4, 0 = 4*q - 2*x + 2. Suppose 4*z - 5*z - 4 = 0, -q*n = -4*z - 46. List the prime factors of n.
3, 5
Let r = -17 + 17. Suppose i - 17 = -r*i. What are the prime factors of i?
17
Let k(u) = 2*u**3 - 3*u**2 + 4*u - 3. What are the prime factors of k(3)?
2, 3
Let p = -1 - -35. Suppose 0*d + 12 = 4*d. Suppose p = 2*j + d*o, -2*j - j - o = -51. List the prime factors of j.
17
Suppose -3*u = -3*y + 6, 5*u + 1 = 3*y - 17. Suppose 6*s + 51 = 159. What are the prime factors of 2/u - (-96)/s?
5
Let z = 33 - 21. Suppose 9*u - z = 6*u. Suppose 0 = 6*m - u*m - 28. List the prime factors of m.
2, 7
Suppose 48 = 3*x + 5*p, -p - p + 48 = 3*x. What are the prime factors of x?
2
Suppose 5*i = 5*s + 485, -3*i + 283 = -0*s - 5*s. What are the prime factors of i?
101
Let o(s) = -4*s - 35. Let k be o(-8). Suppose 0 = -r - r - 32. Let i = k - r. What are the prime factors of i?
13
Suppose q + 3*l - 224 = l, -16 = 4*l. What are the prime factors of q?
2, 29
Suppose -3*a + 55 = -95. What are the prime factors of a?
2, 5
Let k(o) = 3*o + 1. Let i(w) = -w**2 - w. Let r(h) = -i(h) - k(h). Let m be r(5). Suppose -f + m = f. List the prime factors of f.
7
Let q(x) = x**2 - 6*x + 2. Let z be q(6). Let g = 8 - 0. Let s = g - z. List the prime factors of s.
2, 3
Suppose -3*k + c - 32 = 0, 5*k - 2*c = 2*k - 37. Let p = -6 - k. List the prime factors of p.
3
Let t be 5/1 + -3 + 3. Suppose t*w - 29 = 3*y + 25, -y + 2 = 0. List the prime factors of w.
2, 3
Suppose 0*t + 35 = -2*u - 3*t, -5*u - 25 = -5*t. List the prime factors of ((-12)/u)/((-9)/(-210)).
2, 7
Let r(d) = d**2 - 4. Let o be r(3). Suppose 9*x - o*x = 56. List the prime factors of x - 6/(-3 - 0).
2
Let c = 7 - 2. List the prime factors of c.
5
Let j = -67 + 19. Let q = -28 - j. List the prime factors of q.
2, 5
Let r = 7 - -12. Let x = -12 + r. Let p = x - -3. What are the prime factors of p?
2, 5
Suppose 4*h + 6 = -10. Let m = -12 - h. Let z = -6 - m. List the prime factors of z.
2
Let p be (-6)/(-27) + (-176)/(-18). List the prime factors of 1/2 - (-25)/p.
3
Suppose 0 = 7*x - 5*x. Suppose 16 + x = 4*i. What are the prime factors of i?
2
List the prime factors of -1 - 0 - 1*-3.
2
Let f = -1 - -3. Suppose 2*c - 2 - f = 0. Suppose h + v - 26 = -3*h, 2*v - 10 = -c*h. List the prime factors of h.
7
Let h(t) = -2*t + 3. Let d = -15 - -11. List the prime factors of h(d).
11
Suppose 2*w - 7 - 13 = 0. Let n = w - -20. Suppose 4*t + t = n. What are the prime factors of t?
2, 3
Let b(p) = 3*p - 4*p - p**2 - 3 - 7*p. List the prime factors of b(-3).
2, 3
Let c(v) = v**2 - 4*v + 4. Let g be c(4). Suppose 63 + 65 = g*r. List the prime factors of r.
2
Let g be 2/(-4)*(3 + -3). Suppose 18 = 2*u - 3*u + k, -3*k + 3 = g. Let f = 29 + u. What are the prime factors of f?
2, 3
Suppose 2*l = -62 - 48. List the prime factors of -2 + (-20)/(-4) - l.
2, 29
Let u be 5*(3/(-5) + -1). Let i = 11 - u. List the prime factors of i.
19
Suppose 0 = -v + 3*v. Suppose v = 3*r - 47 - 4. List the prime factors of r.
17
Let x = 5 - 2. Let s(n) = n - 7. Let h be s(x). Let v = h - -6. What are the prime factors of v?
2
Suppose 0 = 3*w + 5*s - 28, -s + 52 = 4*w + 2*s. Suppose -2*g + w = 2*q, -4*g = 1 + 3. List the prime factors of q.
3
Let n be ((-1)/3)/(1/(-9)). Let c be (-3)/n + 4*6. Suppose 5*m - c = -4*j + 21, 5*m = 3*j + 72. List the prime factors of m.
2, 3
Let h be 3/(-3) - (0 - 17). Suppose -5*a = 4*i + h, a + 4*i - 6 = -22. Suppose a = 4*r + t - 3*t - 30, 5*r + 5*t - 30 = 0. List the prime factors of r.
7
Suppose -2*g = 2*g - 12. Suppose 3*f = -3*x + 27, -f - g = 4*x - 27. Suppose 44 = 5*i + f*s, -4*s - 14 = 2. List the prime factors of i.
2, 3
Let z be 3*1/3*2. Let g = z - 0. Suppose 2*j = -8, 2*h + g*j = 6 - 0. List the prime factors of h.
7
Let d(u) = -2*u + 30. Let b be d(0). Let m = b + -8. List the prime factors of m.
2, 11
Suppose -68 = 4*x - 788. What are the prime factors of x?
2, 3, 5
List the prime factors of 2*(-2)/(-14) - 3212/(-28).
5, 23
Suppose -7*t + 12*t = 35. List the prime factors of t.
7
Suppose 2*r = -3*x + 26, -3*r = 4*x - 8*r - 4. Let p = 2 - -2. Let f = x - p. List the prime factors of f.
2
Suppose 4*x = 4*v + 152, 0 = x + 6*v - 3*v - 34. List the prime factors of x.
37
Suppose 0*u - u - 6 = -3*q, -4*u - 4 = -2*q. Suppose -q*f + 5 = -3. List the prime factors of f.
2
Suppose -83 + 333 = z. What are the prime factors of z?
2, 5
Let h be 44/(-36) + (-2)/(-9). Let a be 6 + h - (-6)/(-3). List the prime factors of 3/((-2)/a - -1).
3
Let g = 3 - -2. Suppose -g*z + 345 = -0*z. Suppose -z = -5*i + 36. What are the prime factors of i?
3, 7
Suppose 5*i = 3*i - 74. Let j = i + 60. What are the prime factors of j?
23
Let q(k) = -4*k**3 - 4*k**2 - 6. What are the prime factors of q(-4)?
2, 3, 31
Let h = 17 + -16. List the prime factors of 20*((-3)/h + 5).
2, 5
Suppose 3*s - h + 7 = 3, -3*s - 4*h = 14. Let m be 10*s*1/(-2). Suppose m = w + 8*n - 4*n, 5*w - n - 29 = 0. What are the prime factors of w?
2, 3
Let x be ((-1)/3)/(2/(-12)). Suppose -q 